pose 2*b - 24*b = -1540. Calculate the highest common divisor of b and 10.
10
Let i = -26 - -47. Calculate the greatest common factor of i and 14.
7
Let p(n) = -5*n**3 + n**2 - n + 1. Let v be p(1). Let a be (v/(-16))/(1/12). Calculate the greatest common divisor of 3 and a.
3
Let n = 51 + -24. Let y = -5 + n. Calculate the greatest common divisor of y and 44.
22
Suppose 3*y - 10 = -5*i, -5*i + 7 + 28 = -2*y. Let n = -2 + 2. Let c be i*3 - n - -2. Calculate the greatest common factor of 17 and c.
17
Suppose 2*b + 5*v = -b + 76, -3*b - 3*v + 72 = 0. Suppose 4*r - b = 14. Suppose 6*g - r = 3*g. Calculate the greatest common factor of g and 27.
3
Suppose 4*m - 2 = 18. Calculate the highest common divisor of m and 45.
5
Let y = -9 + 9. Let r = 45 + -69. Let q = y - r. What is the greatest common factor of 3 and q?
3
Let z = -105 - -106. Calculate the highest common factor of z and 4.
1
Let c = 11 - 7. Suppose -w - 5*a + c = 0, 64 = -4*w - 4*a - 0*a. Let s = -11 - w. What is the highest common divisor of s and 30?
10
Suppose 5*a - 16 = a, -32 = -2*d + 3*a. Calculate the greatest common divisor of 55 and d.
11
Let l(t) = -t**2 - 18*t - 12. Let y be l(-17). What is the highest common divisor of 10 and y?
5
Let l(n) = n**2 + 5*n + 1. Let c be l(-6). Suppose -c*d = -3*d - 20. Calculate the highest common divisor of d and 50.
5
Suppose 2*u - 10 = 14. Let y(x) = -12*x - 12. Suppose 5*z + 2 = -38. Let g be y(z). Calculate the highest common factor of g and u.
12
Let t be 3 + (0 - 0 - 1). Suppose 0 = -3*z + 4*z - t. What is the greatest common divisor of 2 and z?
2
Let l(j) = -j + 8. Let c be l(6). Calculate the greatest common factor of c and 6.
2
Suppose 0 = 4*g - 6 - 22. What is the highest common divisor of g and 3?
1
Let o(w) = -w**3 - 8*w**2 - 9*w + 4. Let s be o(-7). Suppose -4*n = -2*n - s. Suppose -2*v + 126 = -0*v. What is the highest common factor of n and v?
9
Let j(w) = -10*w**2 + 2*w + 1. Let l be j(-1). Let c = l - -22. Calculate the highest common divisor of c and 11.
11
Let s = 17 - -3. What is the highest common divisor of s and 60?
20
Let x = 3 + -1. Suppose -3*i = -x*v - 93 - 3, 0 = 4*v. What is the highest common factor of i and 4?
4
Let z be (-634)/(-10) - (-2)/(-5). Let r(i) = -2*i - 9. Let p be r(-9). What is the highest common divisor of z and p?
9
Let w be -4 + -5 + 36 - 2/2. Calculate the highest common factor of w and 78.
26
Let p = 640 + -430. What is the highest common factor of 84 and p?
42
Suppose 4*p - 67 - 111 = -j, -84 = -2*p + 2*j. Suppose 0*n - n + 95 = -3*o, -o + 225 = 2*n. Calculate the highest common factor of n and p.
22
Suppose 0 = v - 2*v - 4*s + 40, 172 = 3*v - s. What is the greatest common divisor of v and 8?
8
Suppose -g = 3*a + 2*g - 48, 5*g = -a + 20. What is the highest common factor of a and 60?
15
Suppose x - 10 = -5*h + 17, 0 = 4*x + 4*h - 108. Suppose -3*i + 12 = -3*d, i = -3*i - 4*d + 8. What is the highest common factor of x and i?
3
Let o = 44 + -28. What is the highest common factor of 48 and o?
16
Let h = -32 + 71. What is the highest common factor of h and 13?
13
Suppose 460 = 2*z - 4*x, -3*z + 4*x - 6*x + 666 = 0. Calculate the greatest common divisor of 32 and z.
32
Let l be 2 - -1 - (3 + -54). Let m be (-4)/(-10) - l/(-15). Let s be (-16)/3*(-6)/m. What is the highest common factor of s and 8?
8
Let f be (-4 - -7) + 17 + -1. Calculate the greatest common factor of 76 and f.
19
Suppose 2*k - 280 = -0*k. Suppose -b = -16 - 4. Calculate the greatest common factor of b and k.
20
Let m be -3*7*2/(-6). Let k = 25 - 4. Calculate the greatest common factor of m and k.
7
Let d(q) = -q**3 + 9*q**2 + 6*q + 12. Let u be d(9). Let t = u - 6. What is the greatest common factor of t and 15?
15
Suppose -24 = -5*l + 1. Suppose -155 = -5*q + l*m, m + 1 + 4 = 0. Let x be -18*(q/(-6) + 2). Calculate the highest common divisor of x and 28.
14
Suppose -185 = -a - 4*a. Let c = -2 + -5. Let h = a + c. Calculate the greatest common factor of 10 and h.
10
Let z(p) = 5*p + 79. Let f be z(-14). Let c be 2*2 + 0 + 2. Calculate the highest common divisor of f and c.
3
Let o(m) = 10*m - 4. Let r(z) = -21*z + 7. Let n(h) = 7*o(h) + 4*r(h). Let p be n(-1). Calculate the greatest common factor of 35 and p.
7
Suppose -q + j + 29 = -3*j, -73 = -5*q - 4*j. Calculate the highest common factor of q and 136.
17
Let v = -1 + 5. Suppose 48 = v*k - 2*k. What is the greatest common divisor of k and 16?
8
Let m(n) = 19*n - 3. Let r = 3 + 0. Let g be m(r). What is the greatest common factor of 6 and g?
6
Suppose 3*l = l - 6. Let w = l + 12. Calculate the highest common factor of 9 and w.
9
Let q(v) = 3*v**3 - 3*v**2 - 2*v + 3. Let b be q(3). Suppose -3*s + 17 + 85 = 0. Calculate the greatest common factor of b and s.
17
Let l = 3 + 0. Suppose 2*p = 410 - 108. Suppose -5*i = -p + 31. Calculate the greatest common factor of l and i.
3
Suppose 0 = -5*q + 22 + 3. Calculate the highest common divisor of q and 2.
1
Let o be ((-99)/6)/(2/(-12)). Calculate the highest common divisor of o and 9.
9
Suppose -3*n + 26 - 8 = 0. Let k = -130 + 133. Calculate the greatest common factor of k and n.
3
Suppose -i - 12 = -48. Let z = i - -180. Let w be z/10 - 9/15. What is the greatest common factor of w and 3?
3
Let x = 179 + -407. Let b be 2/(-7) - x/14. What is the greatest common factor of 8 and b?
8
Let o = 5 + 14. Let g = o + -11. Suppose -599 = -5*u - 159. What is the highest common divisor of g and u?
8
Suppose 0 = 3*s - 5*l - 73, 3*l + 31 = s - 0*s. Calculate the highest common divisor of s and 48.
16
Suppose 1 = -5*d + 11. Let m(a) = 1 + 2 - a**d - 2*a + 2*a**3 - a**2. Let k be m(2). Calculate the greatest common divisor of 77 and k.
7
Let s be ((-18)/3)/(-3) - -67. Let w = 39 + s. Suppose 3*i = 2*i + 12. Calculate the greatest common factor of w and i.
12
Suppose 2*o - 9 = 5. Calculate the greatest common factor of o and 7.
7
Let w(n) = n**2 + 10*n + 10. Let b be w(-9). Suppose 0 = -c - b + 28. Let m(o) = -o - 2. Let u be m(-5). Calculate the highest common factor of c and u.
3
Let g(d) = 11*d**2 - 2*d + 1. Let l be g(1). Calculate the highest common divisor of l and 30.
10
Suppose 0 = 3*d - 5*l - 34, -d - 2*l - 3*l = -38. Calculate the highest common factor of d and 72.
18
Let n be (-9)/72 + 1/(8/257). What is the highest common divisor of 80 and n?
16
Let t(f) = f**2 - 5*f - 8. Let d be t(6). Let z be (-10)/d - (2 + -1). Calculate the greatest common factor of z and 28.
4
Suppose 0 = -2*k - 12 + 46. Calculate the greatest common divisor of 68 and k.
17
Let b(a) = -a**3 + 7*a**2 - 6*a. Let k be b(4). Calculate the highest common factor of k and 6.
6
Let f = 152 - 72. Suppose -3*a = -a - f. What is the greatest common divisor of a and 5?
5
Let a be 1*(-5 + 6 + -2). Let z be (-12 - (-2 - a))/(-1). Calculate the highest common factor of z and 22.
11
Suppose -2*u - u = -2*o + 10, -5*u = 2*o - 26. Calculate the greatest common factor of o and 8.
8
Let x(m) = 2*m**3 - 5*m**2 - 7*m + 6. Let w be x(5). Calculate the greatest common divisor of w and 24.
24
Let x be (10/(-4) - -1)/((-12)/128). What is the highest common divisor of 256 and x?
16
Suppose -w + 3*j - 4 = 0, j - 8 = -3*j. Suppose -4*h + 22 - w = 0. Suppose 0 = -5*p - 20, -5*v + h*p + 11 = -24. Calculate the highest common factor of v and 3.
3
Suppose -2*m + 46 = -2*b - b, 4*b = 4*m - 64. Let n(s) = -s**3 - 3*s**2 - 3*s + 7. Let q be n(3). Let j = b - q. What is the greatest common factor of j and 6?
6
Suppose 2*o + 5*r + 185 = 7*o, 72 = 2*o - 3*r. Calculate the highest common divisor of 13 and o.
13
Let w(u) = u**2 + 12*u + 3. Let l be w(-13). What is the greatest common divisor of 4 and l?
4
Let p(q) be the second derivative of 7*q**4/4 + q**2/2 + 3*q. Let n be p(1). Calculate the highest common factor of n and 44.
22
Let x(l) = 2*l**2 + 17*l - 3. Let j be x(-10). Calculate the greatest common divisor of j and 18.
9
Suppose -o + 27 = -0*o. Calculate the highest common factor of o and 18.
9
Suppose -5*d - 4*x + 31 = 0, -2*d + 4*x - 2 - 8 = 0. Suppose 2 + 4 = d*w. Calculate the highest common divisor of w and 22.
2
Suppose -13 = 6*d - 7*d. What is the greatest common factor of 91 and d?
13
Suppose 4*d - d = -4*m + 199, m + d - 49 = 0. Suppose -c - 2*c = -39. What is the highest common facto